t j = -238 - -243. Let y(w) be the first derivative of j + 2*w**3 + 1/2*w**2 - 4*w + 1/4*w**4. Calculate y(-6).
-10
Let q(u) be the third derivative of -u**8/6720 - u**7/2520 + u**5/30 + 11*u**4/24 + 13*u**2. Let t(c) be the second derivative of q(c). What is t(0)?
4
Suppose k = 3*a - 2, k - 28 = -4*k - 4*a. Suppose k*y - 5 = -25. Let g(f) = -3*f - 5 - 145*f**2 + 144*f**2 - 4*f. What is g(y)?
5
Let q be -7 + 4 - 3 - -3. Let w be (18/q + 2)*1. Let s(n) = -n**3 - 4*n**2 - n - 4. Give s(w).
0
Let p(i) = -i + 7. Let b(a) = -3 - 5 + 4*a - 4*a + 2*a. Let u(d) = 2*b(d) + 3*p(d). What is u(-5)?
0
Let t(h) = -6*h + 14. Let v(n) = -n + 2. Let r(c) = -t(c) + 5*v(c). Let u = -8 + 10. What is r(u)?
-2
Let o(u) = -2. Let x(t) = -t - 16. Let q(g) = -5*o(g) + x(g). Let z = 17 - 17. Let l be z + -1 + 0 + -5. What is q(l)?
0
Let k(r) = -r**2 - 2*r + 1. Let t(d) = 2*d - 2. Let g be t(3). Let s = 331 + -326. Suppose 2*f + 4*y = -4 + 14, -s*y + 8 = g*f. What is k(f)?
-2
Let r(w) be the first derivative of w**4/4 - 5*w**3/3 - 2*w + 201. What is r(6)?
34
Let v be 3/(9/(-96)) + -2. Let j = v + 36. Suppose -c - 5*t = -4*c + 21, j*t - 21 = -3*c. Let p(d) = d**2 - 7*d + 5. Determine p(c).
5
Suppose -19 = 3*c + 5. Let u(m) = 15*m + 3 + 13*m - 27*m. Give u(c).
-5
Let n(s) = 0*s**2 + 5 - 5 - 4*s**2 + 5*s - s**3 + 4. Let r(i) = i**3 - 8*i**2 - 7*i - 22. Let o be r(9). Calculate n(o).
-16
Let k be -4 - (6 + -3 + -6). Let p(u) = -19*u**2 - u - 1. Determine p(k).
-19
Let g(s) = -s**3 + 3*s**2 + 5*s - 1. Let x be g(4). Let z(w) be the second derivative of w**5/20 - w**4/12 - 2*w**3/3 + 3*w. Give z(x).
6
Let y(w) = 2*w**2 - 26*w - 8. Suppose 123 = -13*i + 292. Give y(i).
-8
Let t(x) = -5*x. Let c(g) = -g**3 - 12*g**2 + 2*g + 29. Let m be c(-12). Give t(m).
-25
Let m(i) = -i**3 - 8*i**2 - 7*i + 6. Let w = -8 + 12. Let u = 8 - 5. Suppose -2*o - 3*x - 5 = 0, u*o + 3*x - w*x = -24. Determine m(o).
6
Suppose 4*m + 14 = -2. Let f(i) = 4*i. Let w(y) = y - 3. Let u(d) = -1. Let p(z) = -3*u(z) + w(z). Let v(l) = -f(l) + 2*p(l). Give v(m).
8
Let j(t) = -t**2 - 5*t - 4. Suppose 0 = -8*n - 34 - 6. What is j(n)?
-4
Suppose 5 = -2*d - c, 3*c = 3*d + 2*c. Let g(w) = 32*w + 1. Give g(d).
-31
Let r = 84 + 63. Let p(a) = -9 + 7 + a**2 - r*a + 153*a. What is p(-5)?
-7
Suppose -31 = -2*j - 23. Suppose -3*h - 24 = 3*x, -h - j*h - 36 = 4*x. Let s(r) = 2*r. Determine s(h).
-8
Let i(j) = 2*j**2 - j**2 - 5 + 6*j - 3*j. Let z(a) = -5*a**2 + 1. Suppose 4*t = -4*q + q + 15, 2*q - 3*t + 7 = 0. Let v be z(q). Determine i(v).
-1
Let q(u) = -2*u - 8. Let i = 119 - 110. Give q(i).
-26
Let h = 100 + -103. Let n(z) = -2*z**2 - 2*z - 3. Let y(t) = -t**2 - t - 1. Let f(g) = 2*n(g) - 5*y(g). Determine f(h).
5
Let l = -661 - -658. Let y(r) = -r**3 - 2*r**2 + 4*r + 1. Calculate y(l).
-2
Let h(t) be the first derivative of -17*t**2/2 - 18*t - 22. Let f(i) = -6*i - 6. Let k(m) = 11*f(m) - 4*h(m). Give k(-5).
-4
Let i(p) = -5*p - 7*p + 6 + p**3 + 8*p**2 + 20*p. Give i(-6).
30
Let x(m) be the third derivative of -m**5/15 - m**4/24 - 4*m**2 - 15. Suppose -i - 1 = 1. Determine x(i).
-14
Let q(d) = d**3 - 5*d**2 - 11*d + 26. Let j(a) = 2*a**3 - 10*a**2 - 21*a + 47. Let c(m) = -3*j(m) + 5*q(m). Give c(6).
1
Let l(d) = -d**3 + d**2 + 88*d - 13. Let g be l(-9). Let b = 3 + 0. Let f(x) = 6*x**3 - 2*x + 7 + 0*x**b - 5*x**3 - 5*x**2. What is f(g)?
-3
Let o(v) be the second derivative of -3/2*v**2 - 9*v + 1/12*v**4 - 5/6*v**3 + 0. Suppose -3*f = -12*f + 54. Determine o(f).
3
Let p(x) = -4*x**2 - 7*x**2 + 2*x**2 + 327 - 297 - x**3 + x**2 - 2*x. Give p(-7).
-5
Let r(w) = w**2. Let l(g) = -11*g - 12. Let j(h) = l(h) - 2*r(h). Give j(-8).
-52
Suppose 4*x - 64 = 5*a, 4*x + 0*a - 32 = -3*a. Let y(z) = 7*z + z - 5*z - 4*z + x. Determine y(6).
5
Let i(a) be the first derivative of -a**2 + 4*a - 398. Determine i(-2).
8
Let k(g) be the third derivative of 0*g**3 + 0*g - 5/24*g**4 + 6*g**2 + 0 - 1/720*g**6 + 1/40*g**5. Let l(f) be the second derivative of k(f). Give l(5).
-2
Let v = 23 + -2. Suppose 5*l + 4*h = -31, 3*h + v = -l - 2*l. Let x(d) = -d**2 - 2*d - 4. What is x(l)?
-7
Let v(i) = 9*i + 2. Let y be v(-2). Let h = y + 17. Let p be 3 - 9/3*h. Let f(r) = -r - 5. Calculate f(p).
-5
Let k(y) = 5*y - 2. Let f be k(1). Let x(i) = -i**f + 6*i**2 + 2*i**2 + i**2 - 7*i**2 + 2. Calculate x(2).
2
Let f(p) = -14*p + 79. Let m(z) = 13*z - 78. Let r(i) = -5*f(i) - 6*m(i). Let h be r(9). Let v(o) = -o + 5*o**2 - o + 1 + 8*o**2. Determine v(h).
12
Let f(w) = -w**3 + 8*w**2 + 10*w - 8. Let i = 831 + -822. Calculate f(i).
1
Let i(y) = y**2 - 3*y + 2. Suppose 0 = k - v + 7, 0 = -5*k + 3*k - 2*v + 2. Let z be k/(9/(-7)) + (-6)/(-9). Calculate i(z).
2
Let h(q) = -2*q - 1. Let t be h(-3). Suppose t*s - 14 = 6. Let g(x) = -2*x - s*x + 9*x**2 + 6*x - x. Calculate g(-1).
10
Let c(t) = 11*t**3 + t. Let p = 219 - 220. Give c(p).
-12
Let b(n) = 2*n - 4. Suppose 5*o + 55 + 150 = 0. Let l = o - -45. Calculate b(l).
4
Let d(n) be the third derivative of n**5/60 - 3*n**4/4 + 10*n**3/3 + 2*n**2 + 78. Calculate d(17).
3
Let g(j) = -j**3 + 24*j**2 + 29*j - 97. Let t be g(25). Let a(c) = -6*c. Determine a(t).
-18
Let g(q) = q + 1. Suppose -20 = -2*l - 2*l. Let b(t) = -4*t + 10. Let y(h) = l*g(h) + b(h). Let r be y(-11). Let c(i) = -4*i + 1. Give c(r).
-15
Let y(a) = -a + 11. Let i be y(0). Suppose i = -4*f + 7. Let c(v) = 4*v**3 + 2*v**2 - 1. Determine c(f).
-3
Let n be (7/21*3)/(2/14). Let x(t) = t**3 - 6*t**2 - 4*t - 6. What is x(n)?
15
Let j(b) be the first derivative of b**4/4 - 5*b**3/3 - b**2 + 10*b - 24. Let d be j(5). Let c(a) = a**3 + 2. Give c(d).
2
Let g(m) = -m**3 + 7*m**2 - 6*m - 2. Suppose 4*q = -3*y - 12, 5*y - q = 3 - 0. Let h be 51/(-85) - 44/10. Let b be y - ((h - 1) + 0). Give g(b).
-2
Let v(c) = c**2 + 8*c + 2. Let l(i) = i - 4. Let n be l(-4). Let t be v(n). Let m(w) = w**3 - 4*w**2 + 2*w + 1. What is m(t)?
-3
Let p be (-1)/(-3)*(3 - 12/(-1)). Let l(a) be the third derivative of 0 + 0*a - 1/3*a**4 + 1/60*a**p + 1/3*a**3 + 5*a**2. Determine l(5).
-13
Let p = -1 - -1. Let s(y) = -y + 581 - 1731 - y**2 + 581 + 570. Calculate s(p).
1
Suppose -4*l + 4*d + 18 = -6, -4*d - 21 = -3*l. Let i(j) be the third derivative of -j**4/8 - j**3/6 - j**2. Determine i(l).
-10
Suppose -3*m = -8*d + 4*d + 19, -m = d + 4. Let o(a) = -a**2 - 7*a - 10. Calculate o(m).
0
Let h(w) = -w + 10. Let i(a) = a**3 + 4*a**2 - 2*a - 2. Suppose -3*m + 0*m = 0. Let b = -4 + m. Let q be i(b). Determine h(q).
4
Let u(q) = -q**2 - 20*q + 54. Let w = 1676 + -1698. Calculate u(w).
10
Let n(m) = -m**2 - 7*m - 7. Suppose -a = -k + 1, 2 = a - 2. Suppose -4*b - 29 = -5*w, -2*w + 29 = -k*b - 3. Determine n(b).
-1
Let r(g) = -3*g + 4*g + 0*g. Let o be 0/2 - (8 - 9). Suppose -3*d = -o - 5. Give r(d).
2
Let r = -78 + 78. Suppose r*n + 5*b = -2*n - 6, 0 = 3*n + 3*b. Let s(c) = 3*c**3 - 3*c**3 - c**3 + 2*c + 1. Determine s(n).
-3
Let h(q) be the first derivative of q**2 + 1/120*q**6 + 1/2*q**3 + 1/12*q**4 + 1/30*q**5 + 0*q + 2. Let i(c) be the second derivative of h(c). What is i(-3)?
-12
Let r(h) = -2*h**2. Let l(y) = y**2 - 6*y + 1. Let b(p) = -l(p) - r(p). Determine b(-6).
-1
Let c(b) = -b - 1. Let s = -40 - -34. Let d(g) = -12*g - 6. Let a(f) = s*c(f) + d(f). What is a(-1)?
6
Let q = 55 + -53. Let o(p) be the third derivative of 1/24*p**4 + 0 + 0*p + 7/6*p**3 - 8*p**q. Give o(0).
7
Let c(o) = 2*o**3 - 29*o**2 + 13*o - 17. Let s(a) = a**3 - 13*a**2 + 6*a - 8. Let v(d) = -2*c(d) + 5*s(d). Calculate v(7).
22
Let c(n) = -n**3 - n**2 - n. Let r(j) = j**2 + 1. Let p(i) = i**3 - 6*i**2 - 4*i - 3. Let h(k) = -p(k) - 4*r(k). Let b(a) = 2*c(a) + h(a). Calculate b(1).
-2
Let o(b) = -b + 6 - 3*b - 2 + 8*b - 3*b**2. Let x(p) = 7*p**2 - 8*p - 8. Let j(d) = -5*o(d) - 2*x(d). Let f be 2/4 - 22/(-4). Calculate j(f).
8
Let x be (-5 - -10) + (-4)/8*2. Let i(u) = u**2 - 2*u + 1. Determine i(x).
9
Let g(w) be the third derivative of w**6/180 + w**5/40 + w**4/12 + 11*w**2. Let i(q) be the second derivative of g(q). Give i(-2).
-5
Let u(t) = -51 + 75 - 29 - 3*t**2 + t**3. Determine u(4).
11
Let l(b) = 15*b**2 + 1. Let y = 201 + -112. Let m = y + -90. What is l(m)?
16
Let z(x) = -3*x**2 + 11*x**2 - 1 - x - 7*x**2 - 13*x**3. Calculate z(-1).
14
Let a(h) = 2*h**3 - h**2 - 11*h - 7. Let b(p) = -p**3 + 6*p + 4. Let u(x